{"id":6,"date":"2013-03-26T10:49:22","date_gmt":"2013-03-26T08:49:22","guid":{"rendered":"http:\/\/kaempfer.headroom.at\/?page_id=6"},"modified":"2013-03-30T01:09:46","modified_gmt":"2013-03-29T23:09:46","slug":"niemals-vergessen","status":"publish","type":"page","link":"https:\/\/www.freiheitskaempfer.at\/","title":{"rendered":"Niemals vergessen"},"content":{"rendered":"<div id=\"attachment_7\" style=\"width: 216px\" class=\"wp-caption alignleft\"><img loading=\"lazy\" decoding=\"async\" aria-describedby=\"caption-attachment-7\" class=\"size-medium wp-image-7\" alt=\"Rosa Jochmann\" src=\"https:\/\/www.freiheitskaempfer.at\/wp-content\/uploads\/2013\/03\/jochmann_rosa_vga6-206x300.jpg\" width=\"206\" height=\"300\" srcset=\"https:\/\/www.freiheitskaempfer.at\/wp-content\/uploads\/2013\/03\/jochmann_rosa_vga6-206x300.jpg 206w, https:\/\/www.freiheitskaempfer.at\/wp-content\/uploads\/2013\/03\/jochmann_rosa_vga6-705x1024.jpg 705w\" sizes=\"auto, (max-width: 206px) 100vw, 206px\" \/><p id=\"caption-attachment-7\" class=\"wp-caption-text\">Rosa Jochmann<\/p><\/div>\n<p>Unter dieser Devise gr\u00fcndeten ehemalige Februark\u00e4mpfer, Frauen und M\u00e4nner des antifaschistischen Widerstandes und \u00dcberlebende Opfer des NS-Verbrecherregimes in den Jahren nach dem Ende des Hitler &#8211; Faschismus den Bund Sozialistischer Freiheitsk\u00e4mpfer und Opfer des Faschismus. Bundesvorsitzende seit der offiziellen Gr\u00fcndung des Bundes im Jahre 1949 war die aus dem KZ Ravensbr\u00fcck zur\u00fcckgekehrte und als SP\u00d6 Abgeordnete gew\u00e4hlte, Rosa Jochmann. Sie vertrat die Interessen der Opfer der faschistischen Regime und f\u00fchrte gemeinsam mit Josef Hindels und den Mitgliedern des Bundes den Kampf gegen Rechtsextremismus und Antisemitismus. In den letzten Jahren standen an der Spitze des Bundes der Gestapo &#8211; H\u00e4ftling und 999er Alfred Str\u00f6er, der Februark\u00e4mpfer Fritz Inkret und die Auschwitz \u00dcberlebenden Erna Musik und Franz Danimann ,die gemeinsam mit den Landesvorsitzenden der Freiheitsk\u00e4mpfer f\u00fcr eine zeitgem\u00e4\u00dfe Form der Aufkl\u00e4rungs- und Gedenkkultur wirkten. Allen ist bewusst, dass nur das B\u00fcndnis mit der Jugend die Weiterf\u00fchrung der antifaschistischen Aktivit\u00e4ten erm\u00f6glich ist. Deshalb wurde auch der Begriff der \u201eAktiven Antifaschisten\u201c in den Namen des Bundes aufgenommen.<\/p>\n<p>Der Bund veranstaltet Gedenkfahrten zu den St\u00e4tten des Widerstandes und der Verbrechen des Nazi Regimes, er veranstaltet Seminare und Diskussionen und gibt eine Reihe von Publikationen heraus. Ebenso stehen Ausstellungen und Filme zur Verf\u00fcgung. Wir \u00fcbersenden gerne Probeexemplare unsere Zeitschrift: \u201e Der sozialdemokratische K\u00e4mpfer\u201c.<\/p>\n<p>Das \u201eDrei Pfeil Abzeichen\u201c kann in unserem Bundessekretariat bestellt werden, pro St\u00fcck 2.00 Euro.<\/p>\n<p><em>*) Laut Statuten\u00e4nderung v. 27.November 2010 Vereinsname gendergerecht ge\u00e4ndert. G\u00fcltig ab 1.1.2011<\/em><\/p>\n","protected":false},"excerpt":{"rendered":"<p>Unter dieser Devise gr\u00fcndeten ehemalige Februark\u00e4mpfer, Frauen und M\u00e4nner des antifaschistischen Widerstandes und \u00dcberlebende Opfer des NS-Verbrecherregimes in den Jahren nach dem Ende des Hitler &#8211; Faschismus den Bund Sozialistischer Freiheitsk\u00e4mpfer und Opfer des Faschismus. Bundesvorsitzende seit der offiziellen Gr\u00fcndung des Bundes im Jahre 1949 war die aus dem KZ Ravensbr\u00fcck zur\u00fcckgekehrte und als SP\u00d6 [&hellip;]<\/p>\n","protected":false},"author":1,"featured_media":0,"parent":0,"menu_order":0,"comment_status":"closed","ping_status":"closed","template":"frontpage.php","meta":{"ngg_post_thumbnail":0,"footnotes":""},"class_list":["post-6","page","type-page","status-publish","hentry"],"_links":{"self":[{"href":"https:\/\/www.freiheitskaempfer.at\/index.php?rest_route=\/wp\/v2\/pages\/6","targetHints":{"allow":["GET"]}}],"collection":[{"href":"https:\/\/www.freiheitskaempfer.at\/index.php?rest_route=\/wp\/v2\/pages"}],"about":[{"href":"https:\/\/www.freiheitskaempfer.at\/index.php?rest_route=\/wp\/v2\/types\/page"}],"author":[{"embeddable":true,"href":"https:\/\/www.freiheitskaempfer.at\/index.php?rest_route=\/wp\/v2\/users\/1"}],"replies":[{"embeddable":true,"href":"https:\/\/www.freiheitskaempfer.at\/index.php?rest_route=%2Fwp%2Fv2%2Fcomments&post=6"}],"version-history":[{"count":4,"href":"https:\/\/www.freiheitskaempfer.at\/index.php?rest_route=\/wp\/v2\/pages\/6\/revisions"}],"predecessor-version":[{"id":36,"href":"https:\/\/www.freiheitskaempfer.at\/index.php?rest_route=\/wp\/v2\/pages\/6\/revisions\/36"}],"wp:attachment":[{"href":"https:\/\/www.freiheitskaempfer.at\/index.php?rest_route=%2Fwp%2Fv2%2Fmedia&parent=6"}],"curies":[{"name":"wp","href":"https:\/\/api.w.org\/{rel}","templated":true}]}}