{"id":224,"date":"2013-04-02T16:23:45","date_gmt":"2013-04-02T14:23:45","guid":{"rendered":"http:\/\/kaempfer.headroom.at\/?page_id=224"},"modified":"2019-03-14T22:18:47","modified_gmt":"2019-03-14T20:18:47","slug":"links","status":"publish","type":"page","link":"https:\/\/www.freiheitskaempfer.at\/?page_id=224","title":{"rendered":"Links"},"content":{"rendered":"<h3><a href=\"http:\/\/www.rosajochmann.at\" target=\"_blank\" rel=\"noopener\">Rosa Jochmann Informationsseite<\/a><\/h3>\n<h3><a href=\"http:\/\/www.kreisky.org\/human.rights\/\" target=\"_blank\" rel=\"noopener\">Bruno Kreisky Stiftung f\u00fcr Verdienste um die Menschenrechte<\/a><\/h3>\n<h3><a href=\"http:\/\/www.doew.at\" target=\"_blank\" rel=\"noopener\">Dokumentationsarchiv des \u00d6sterreichischen Widerstandes<\/a><\/h3>\n<h3><a href=\"http:\/\/www.erinnern.at\" target=\"_blank\" rel=\"noopener\">erinnern.at<\/a><\/h3>\n<h3><a href=\"http:\/\/www.freiheitskaempfer-ooe.at\/\" target=\"_blank\" rel=\"noopener\">Freiheitsk\u00e4mpfer Ober\u00f6sterreich<\/a><\/h3>\n<h3><a href=\"http:\/\/www.freiheitskaempfer-salzburg.at\/\" target=\"_blank\" rel=\"noopener\">Freiheitsk\u00e4mpfer Salzburg<\/a><\/h3>\n<h3><a href=\"http:\/\/www.freiheitskaempfer.spoe-tirol.at\/\" target=\"_blank\" rel=\"noopener\">Freiheitsk\u00e4mpfer Tirol<\/a><\/h3>\n<h3><a href=\"http:\/\/www.mkoe.at\" target=\"_blank\" rel=\"noopener\">Mauthausen Komitee \u00d6sterreich<\/a><\/h3>\n<h3><a href=\"http:\/\/www.spoe.at\" target=\"_blank\" rel=\"noopener\">Sozialdemokratische Partei \u00d6sterreichs<\/a><\/h3>\n<h3><a href=\"http:\/\/www.vga.at\" target=\"_blank\" rel=\"noopener\">Verein f\u00fcr Geschichte der ArbeiterInnenbewegung<\/a><\/h3>\n<h3><a href=\"http:\/\/www.memorial-ebensee.at\/\" target=\"_blank\" rel=\"noopener\">Zeitgeschichtemuseum KZ-Gedenkst\u00e4tte Ebensee<\/a><\/h3>\n<h3><a href=\"https:\/\/youtu.be\/AZ0_wvFWQ_8\" target=\"_blank\" rel=\"noopener\">130 Jahre Koloman Wallisch<\/a><\/h3>\n<p>&nbsp;<\/p>\n","protected":false},"excerpt":{"rendered":"<p>Rosa Jochmann Informationsseite Bruno Kreisky Stiftung f\u00fcr Verdienste um die Menschenrechte Dokumentationsarchiv des \u00d6sterreichischen Widerstandes erinnern.at Freiheitsk\u00e4mpfer Ober\u00f6sterreich Freiheitsk\u00e4mpfer Salzburg Freiheitsk\u00e4mpfer Tirol Mauthausen Komitee \u00d6sterreich Sozialdemokratische Partei \u00d6sterreichs Verein f\u00fcr Geschichte der ArbeiterInnenbewegung Zeitgeschichtemuseum KZ-Gedenkst\u00e4tte Ebensee 130 Jahre Koloman Wallisch &nbsp;<\/p>\n","protected":false},"author":2,"featured_media":0,"parent":0,"menu_order":0,"comment_status":"open","ping_status":"open","template":"","meta":{"ngg_post_thumbnail":0,"footnotes":""},"class_list":["post-224","page","type-page","status-publish","hentry"],"_links":{"self":[{"href":"https:\/\/www.freiheitskaempfer.at\/index.php?rest_route=\/wp\/v2\/pages\/224","targetHints":{"allow":["GET"]}}],"collection":[{"href":"https:\/\/www.freiheitskaempfer.at\/index.php?rest_route=\/wp\/v2\/pages"}],"about":[{"href":"https:\/\/www.freiheitskaempfer.at\/index.php?rest_route=\/wp\/v2\/types\/page"}],"author":[{"embeddable":true,"href":"https:\/\/www.freiheitskaempfer.at\/index.php?rest_route=\/wp\/v2\/users\/2"}],"replies":[{"embeddable":true,"href":"https:\/\/www.freiheitskaempfer.at\/index.php?rest_route=%2Fwp%2Fv2%2Fcomments&post=224"}],"version-history":[{"count":17,"href":"https:\/\/www.freiheitskaempfer.at\/index.php?rest_route=\/wp\/v2\/pages\/224\/revisions"}],"predecessor-version":[{"id":1647,"href":"https:\/\/www.freiheitskaempfer.at\/index.php?rest_route=\/wp\/v2\/pages\/224\/revisions\/1647"}],"wp:attachment":[{"href":"https:\/\/www.freiheitskaempfer.at\/index.php?rest_route=%2Fwp%2Fv2%2Fmedia&parent=224"}],"curies":[{"name":"wp","href":"https:\/\/api.w.org\/{rel}","templated":true}]}}

<h3><a href="http://www.rosajochmann.at" target="_blank" rel="noopener">Rosa Jochmann Informationsseite</a></h3>
<h3><a href="http://www.kreisky.org/human.rights/" target="_blank" rel="noopener">Bruno Kreisky Stiftung für Verdienste um die Menschenrechte</a></h3>
<h3><a href="http://www.doew.at" target="_blank" rel="noopener">Dokumentationsarchiv des Österreichischen Widerstandes</a></h3>
<h3><a href="http://www.erinnern.at" target="_blank" rel="noopener">erinnern.at</a></h3>
<h3><a href="http://www.freiheitskaempfer-ooe.at/" target="_blank" rel="noopener">Freiheitskämpfer Oberösterreich</a></h3>
<h3><a href="http://www.freiheitskaempfer-salzburg.at/" target="_blank" rel="noopener">Freiheitskämpfer Salzburg</a></h3>
<h3><a href="http://www.freiheitskaempfer.spoe-tirol.at/" target="_blank" rel="noopener">Freiheitskämpfer Tirol</a></h3>
<h3><a href="http://www.mkoe.at" target="_blank" rel="noopener">Mauthausen Komitee Österreich</a></h3>
<h3><a href="http://www.spoe.at" target="_blank" rel="noopener">Sozialdemokratische Partei Österreichs</a></h3>
<h3><a href="http://www.vga.at" target="_blank" rel="noopener">Verein für Geschichte der ArbeiterInnenbewegung</a></h3>
<h3><a href="http://www.memorial-ebensee.at/" target="_blank" rel="noopener">Zeitgeschichtemuseum KZ-Gedenkstätte Ebensee</a></h3>
<h3><a href="https://youtu.be/AZ0_wvFWQ_8" target="_blank" rel="noopener">130 Jahre Koloman Wallisch</a></h3>
<p>&nbsp;</p>

<p>Rosa Jochmann Informationsseite Bruno Kreisky Stiftung für Verdienste um die Menschenrechte Dokumentationsarchiv des Österreichischen Widerstandes erinnern.at Freiheitskämpfer Oberösterreich Freiheitskämpfer Salzburg Freiheitskämpfer Tirol Mauthausen Komitee Österreich Sozialdemokratische Partei Österreichs Verein für Geschichte der ArbeiterInnenbewegung Zeitgeschichtemuseum KZ-Gedenkstätte Ebensee 130 Jahre Koloman Wallisch &nbsp;</p>
