{"id":838,"date":"2014-02-14T17:34:55","date_gmt":"2014-02-14T15:34:55","guid":{"rendered":"http:\/\/www.freiheitskaempfer.at\/wp-content\/uploads\/2014\/02\/Prof.-Johannes-Schwantner-u-Reg.R.-L.AB_.a.D.-Herta-Slabina-u.-Jessica-M\u00fcller-VSSt\u00d6.jpg"},"modified":"2014-02-14T17:34:55","modified_gmt":"2014-02-14T15:34:55","slug":"prof-johannes-schwantner-u-reg-r-l-ab-a-d-herta-slabina-u-jessica-mueller-vsstoe","status":"inherit","type":"attachment","link":"https:\/\/www.freiheitskaempfer.at\/?attachment_id=838","title":{"rendered":"Prof. Johannes Schwantner u Reg.R. L.AB.a.D. Herta Slabina u. Jessica M\u00fcller VSSt\u00d6"},"author":2,"featured_media":0,"comment_status":"open","ping_status":"open","template":"","meta":{"ngg_post_thumbnail":0},"class_list":["post-838","attachment","type-attachment","status-inherit","hentry"],"description":{"rendered":"<p class=\"attachment\"><a href='https:\/\/www.freiheitskaempfer.at\/wp-content\/uploads\/2014\/02\/Prof.-Johannes-Schwantner-u-Reg.R.-L.AB_.a.D.-Herta-Slabina-u.-Jessica-M\u00fcller-VSSt\u00d6.jpg'><img loading=\"lazy\" decoding=\"async\" width=\"300\" height=\"225\" src=\"https:\/\/www.freiheitskaempfer.at\/wp-content\/uploads\/2014\/02\/Prof.-Johannes-Schwantner-u-Reg.R.-L.AB_.a.D.-Herta-Slabina-u.-Jessica-M\u00fcller-VSSt\u00d6-300x225.jpg\" class=\"attachment-medium size-medium\" alt=\"\" srcset=\"https:\/\/www.freiheitskaempfer.at\/wp-content\/uploads\/2014\/02\/Prof.-Johannes-Schwantner-u-Reg.R.-L.AB_.a.D.-Herta-Slabina-u.-Jessica-M\u00fcller-VSSt\u00d6-300x225.jpg 300w, https:\/\/www.freiheitskaempfer.at\/wp-content\/uploads\/2014\/02\/Prof.-Johannes-Schwantner-u-Reg.R.-L.AB_.a.D.-Herta-Slabina-u.-Jessica-M\u00fcller-VSSt\u00d6-1024x768.jpg 1024w, https:\/\/www.freiheitskaempfer.at\/wp-content\/uploads\/2014\/02\/Prof.-Johannes-Schwantner-u-Reg.R.-L.AB_.a.D.-Herta-Slabina-u.-Jessica-M\u00fcller-VSSt\u00d6-400x300.jpg 400w\" sizes=\"auto, (max-width: 300px) 100vw, 300px\" \/><\/a><\/p>\n<p>Foto Prof. Johannes Schwantner, Reg.R. L.AB.a.D. Herta Slabina und Jessica M\u00fcller VSSt\u00d6<\/p>\n"},"caption":{"rendered":"<p>vlnr: Reg.R. L.AB.a.D. Herta Slabina, Prof. Johannes Schwantner und Jessica M\u00fcller (VSSt\u00d6)<\/p>\n"},"alt_text":"","media_type":"image","mime_type":"image\/jpeg","media_details":{"width":3072,"height":2304,"file":"2014\/02\/Prof.-Johannes-Schwantner-u-Reg.R.-L.AB_.a.D.-Herta-Slabina-u.-Jessica-M\u00fcller-VSSt\u00d6.jpg","sizes":{"thumbnail":{"file":"Prof.-Johannes-Schwantner-u-Reg.R.-L.AB_.a.D.-Herta-Slabina-u.-Jessica-M\u00fcller-VSSt\u00d6-150x150.jpg","width":150,"height":150,"mime_type":"image\/jpeg","source_url":"https:\/\/www.freiheitskaempfer.at\/wp-content\/uploads\/2014\/02\/Prof.-Johannes-Schwantner-u-Reg.R.-L.AB_.a.D.-Herta-Slabina-u.-Jessica-M\u00fcller-VSSt\u00d6-150x150.jpg"},"medium":{"file":"Prof.-Johannes-Schwantner-u-Reg.R.-L.AB_.a.D.-Herta-Slabina-u.-Jessica-M\u00fcller-VSSt\u00d6-300x225.jpg","width":300,"height":225,"mime_type":"image\/jpeg","source_url":"https:\/\/www.freiheitskaempfer.at\/wp-content\/uploads\/2014\/02\/Prof.-Johannes-Schwantner-u-Reg.R.-L.AB_.a.D.-Herta-Slabina-u.-Jessica-M\u00fcller-VSSt\u00d6-300x225.jpg"},"large":{"file":"Prof.-Johannes-Schwantner-u-Reg.R.-L.AB_.a.D.-Herta-Slabina-u.-Jessica-M\u00fcller-VSSt\u00d6-1024x768.jpg","width":1024,"height":768,"mime_type":"image\/jpeg","source_url":"https:\/\/www.freiheitskaempfer.at\/wp-content\/uploads\/2014\/02\/Prof.-Johannes-Schwantner-u-Reg.R.-L.AB_.a.D.-Herta-Slabina-u.-Jessica-M\u00fcller-VSSt\u00d6-1024x768.jpg"},"magazin-thumb":{"file":"Prof.-Johannes-Schwantner-u-Reg.R.-L.AB_.a.D.-Herta-Slabina-u.-Jessica-M\u00fcller-VSSt\u00d6-400x300.jpg","width":400,"height":300,"mime_type":"image\/jpeg","source_url":"https:\/\/www.freiheitskaempfer.at\/wp-content\/uploads\/2014\/02\/Prof.-Johannes-Schwantner-u-Reg.R.-L.AB_.a.D.-Herta-Slabina-u.-Jessica-M\u00fcller-VSSt\u00d6-400x300.jpg"},"literatur-thumb":{"file":"Prof.-Johannes-Schwantner-u-Reg.R.-L.AB_.a.D.-Herta-Slabina-u.-Jessica-M\u00fcller-VSSt\u00d6-350x500.jpg","width":350,"height":500,"mime_type":"image\/jpeg","source_url":"https:\/\/www.freiheitskaempfer.at\/wp-content\/uploads\/2014\/02\/Prof.-Johannes-Schwantner-u-Reg.R.-L.AB_.a.D.-Herta-Slabina-u.-Jessica-M\u00fcller-VSSt\u00d6-350x500.jpg"},"full":{"file":"Prof.-Johannes-Schwantner-u-Reg.R.-L.AB_.a.D.-Herta-Slabina-u.-Jessica-M\u00fcller-VSSt\u00d6.jpg","width":3072,"height":2304,"mime_type":"image\/jpeg","source_url":"https:\/\/www.freiheitskaempfer.at\/wp-content\/uploads\/2014\/02\/Prof.-Johannes-Schwantner-u-Reg.R.-L.AB_.a.D.-Herta-Slabina-u.-Jessica-M\u00fcller-VSSt\u00d6.jpg"}},"image_meta":{"aperture":2.8,"credit":"","camera":"E7600","caption":"","created_timestamp":1392205448,"copyright":"","focal_length":"7.8","iso":"50","shutter_speed":"0.033333333333333","title":""}},"post":835,"source_url":"https:\/\/www.freiheitskaempfer.at\/wp-content\/uploads\/2014\/02\/Prof.-Johannes-Schwantner-u-Reg.R.-L.AB_.a.D.-Herta-Slabina-u.-Jessica-M\u00fcller-VSSt\u00d6.jpg","_links":{"self":[{"href":"https:\/\/www.freiheitskaempfer.at\/index.php?rest_route=\/wp\/v2\/media\/838","targetHints":{"allow":["GET"]}}],"collection":[{"href":"https:\/\/www.freiheitskaempfer.at\/index.php?rest_route=\/wp\/v2\/media"}],"about":[{"href":"https:\/\/www.freiheitskaempfer.at\/index.php?rest_route=\/wp\/v2\/types\/attachment"}],"author":[{"embeddable":true,"href":"https:\/\/www.freiheitskaempfer.at\/index.php?rest_route=\/wp\/v2\/users\/2"}],"replies":[{"embeddable":true,"href":"https:\/\/www.freiheitskaempfer.at\/index.php?rest_route=%2Fwp%2Fv2%2Fcomments&post=838"}],"wp:attached-to":[{"embeddable":true,"post_type":"page","id":835,"href":"https:\/\/www.freiheitskaempfer.at\/index.php?rest_route=\/wp\/v2\/pages\/835"}],"curies":[{"name":"wp","href":"https:\/\/api.w.org\/{rel}","templated":true}]}}

http://www.freiheitskaempfer.at/wp-content/uploads/2014/02/Prof.-Johannes-Schwantner-u-Reg.R.-L.AB_.a.D.-Herta-Slabina-u.-Jessica-Müller-VSStÖ.jpg

Prof. Johannes Schwantner u Reg.R. L.AB.a.D. Herta Slabina u. Jessica Müller VSStÖ

<p class="attachment"><a href='https://www.freiheitskaempfer.at/wp-content/uploads/2014/02/Prof.-Johannes-Schwantner-u-Reg.R.-L.AB_.a.D.-Herta-Slabina-u.-Jessica-Müller-VSStÖ.jpg'><img loading="lazy" decoding="async" width="300" height="225" src="https://www.freiheitskaempfer.at/wp-content/uploads/2014/02/Prof.-Johannes-Schwantner-u-Reg.R.-L.AB_.a.D.-Herta-Slabina-u.-Jessica-Müller-VSStÖ-300x225.jpg" class="attachment-medium size-medium" alt="" srcset="https://www.freiheitskaempfer.at/wp-content/uploads/2014/02/Prof.-Johannes-Schwantner-u-Reg.R.-L.AB_.a.D.-Herta-Slabina-u.-Jessica-Müller-VSStÖ-300x225.jpg 300w, https://www.freiheitskaempfer.at/wp-content/uploads/2014/02/Prof.-Johannes-Schwantner-u-Reg.R.-L.AB_.a.D.-Herta-Slabina-u.-Jessica-Müller-VSStÖ-1024x768.jpg 1024w, https://www.freiheitskaempfer.at/wp-content/uploads/2014/02/Prof.-Johannes-Schwantner-u-Reg.R.-L.AB_.a.D.-Herta-Slabina-u.-Jessica-Müller-VSStÖ-400x300.jpg 400w" sizes="auto, (max-width: 300px) 100vw, 300px" /></a></p>
<p>Foto Prof. Johannes Schwantner, Reg.R. L.AB.a.D. Herta Slabina und Jessica Müller VSStÖ</p>

<p>vlnr: Reg.R. L.AB.a.D. Herta Slabina, Prof. Johannes Schwantner und Jessica Müller (VSStÖ)</p>

2014/02/Prof.-Johannes-Schwantner-u-Reg.R.-L.AB_.a.D.-Herta-Slabina-u.-Jessica-Müller-VSStÖ.jpg

Prof.-Johannes-Schwantner-u-Reg.R.-L.AB_.a.D.-Herta-Slabina-u.-Jessica-Müller-VSStÖ-150x150.jpg

https://www.freiheitskaempfer.at/wp-content/uploads/2014/02/Prof.-Johannes-Schwantner-u-Reg.R.-L.AB_.a.D.-Herta-Slabina-u.-Jessica-Müller-VSStÖ-150x150.jpg

Prof.-Johannes-Schwantner-u-Reg.R.-L.AB_.a.D.-Herta-Slabina-u.-Jessica-Müller-VSStÖ-300x225.jpg

https://www.freiheitskaempfer.at/wp-content/uploads/2014/02/Prof.-Johannes-Schwantner-u-Reg.R.-L.AB_.a.D.-Herta-Slabina-u.-Jessica-Müller-VSStÖ-300x225.jpg

Prof.-Johannes-Schwantner-u-Reg.R.-L.AB_.a.D.-Herta-Slabina-u.-Jessica-Müller-VSStÖ-1024x768.jpg

https://www.freiheitskaempfer.at/wp-content/uploads/2014/02/Prof.-Johannes-Schwantner-u-Reg.R.-L.AB_.a.D.-Herta-Slabina-u.-Jessica-Müller-VSStÖ-1024x768.jpg

Prof.-Johannes-Schwantner-u-Reg.R.-L.AB_.a.D.-Herta-Slabina-u.-Jessica-Müller-VSStÖ-400x300.jpg

https://www.freiheitskaempfer.at/wp-content/uploads/2014/02/Prof.-Johannes-Schwantner-u-Reg.R.-L.AB_.a.D.-Herta-Slabina-u.-Jessica-Müller-VSStÖ-400x300.jpg

Prof.-Johannes-Schwantner-u-Reg.R.-L.AB_.a.D.-Herta-Slabina-u.-Jessica-Müller-VSStÖ-350x500.jpg

https://www.freiheitskaempfer.at/wp-content/uploads/2014/02/Prof.-Johannes-Schwantner-u-Reg.R.-L.AB_.a.D.-Herta-Slabina-u.-Jessica-Müller-VSStÖ-350x500.jpg

Prof.-Johannes-Schwantner-u-Reg.R.-L.AB_.a.D.-Herta-Slabina-u.-Jessica-Müller-VSStÖ.jpg

https://www.freiheitskaempfer.at/wp-content/uploads/2014/02/Prof.-Johannes-Schwantner-u-Reg.R.-L.AB_.a.D.-Herta-Slabina-u.-Jessica-Müller-VSStÖ.jpg
