{"id":832,"date":"2014-02-14T17:28:15","date_gmt":"2014-02-14T15:28:15","guid":{"rendered":"http:\/\/www.freiheitskaempfer.at\/wp-content\/uploads\/2014\/02\/Bild_3-Kranzniederlegung-BK_BKStv_11.2.14.jpg"},"modified":"2014-02-14T17:28:15","modified_gmt":"2014-02-14T15:28:15","slug":"80-gedenktag-des-12-februar-1934-3","status":"inherit","type":"attachment","link":"https:\/\/www.freiheitskaempfer.at\/?attachment_id=832","title":{"rendered":"80. Gedenktag des 12. Februar 1934"},"author":2,"featured_media":0,"comment_status":"open","ping_status":"open","template":"","meta":{"ngg_post_thumbnail":0},"class_list":["post-832","attachment","type-attachment","status-inherit","hentry"],"description":{"rendered":"<p class=\"attachment\"><a href='https:\/\/www.freiheitskaempfer.at\/wp-content\/uploads\/2014\/02\/Bild_3-Kranzniederlegung-BK_BKStv_11.2.14.jpg'><img loading=\"lazy\" decoding=\"async\" width=\"300\" height=\"178\" src=\"https:\/\/www.freiheitskaempfer.at\/wp-content\/uploads\/2014\/02\/Bild_3-Kranzniederlegung-BK_BKStv_11.2.14-300x178.jpg\" class=\"attachment-medium size-medium\" alt=\"\" srcset=\"https:\/\/www.freiheitskaempfer.at\/wp-content\/uploads\/2014\/02\/Bild_3-Kranzniederlegung-BK_BKStv_11.2.14-300x178.jpg 300w, https:\/\/www.freiheitskaempfer.at\/wp-content\/uploads\/2014\/02\/Bild_3-Kranzniederlegung-BK_BKStv_11.2.14-1024x609.jpg 1024w\" sizes=\"auto, (max-width: 300px) 100vw, 300px\" \/><\/a><\/p>\n<p>Am 11.Februar 2014 legte Bundeskanzler Werner Faymann gemeinsam mit Finanzminister und Vizekanzler Michael Spindelegger und den Vertreterinnen und Vertretern der Opferverb\u00e4nde einen Kranz beim Mahnmal der Stadt Wien, &#8222;Den Opfern f\u00fcr ein freies \u00d6sterreich 1934-1945&#8220;, nieder.<\/p>\n"},"caption":{"rendered":"<p>Mitte: Bundeskanzler Werner Faymann und K\u00e4the Sasso. Bildquelle: BKA<\/p>\n"},"alt_text":"","media_type":"image","mime_type":"image\/jpeg","media_details":{"width":2102,"height":1251,"file":"2014\/02\/Bild_3-Kranzniederlegung-BK_BKStv_11.2.14.jpg","sizes":{"thumbnail":{"file":"Bild_3-Kranzniederlegung-BK_BKStv_11.2.14-150x150.jpg","width":150,"height":150,"mime_type":"image\/jpeg","source_url":"https:\/\/www.freiheitskaempfer.at\/wp-content\/uploads\/2014\/02\/Bild_3-Kranzniederlegung-BK_BKStv_11.2.14-150x150.jpg"},"medium":{"file":"Bild_3-Kranzniederlegung-BK_BKStv_11.2.14-300x178.jpg","width":300,"height":178,"mime_type":"image\/jpeg","source_url":"https:\/\/www.freiheitskaempfer.at\/wp-content\/uploads\/2014\/02\/Bild_3-Kranzniederlegung-BK_BKStv_11.2.14-300x178.jpg"},"large":{"file":"Bild_3-Kranzniederlegung-BK_BKStv_11.2.14-1024x609.jpg","width":1024,"height":609,"mime_type":"image\/jpeg","source_url":"https:\/\/www.freiheitskaempfer.at\/wp-content\/uploads\/2014\/02\/Bild_3-Kranzniederlegung-BK_BKStv_11.2.14-1024x609.jpg"},"magazin-thumb":{"file":"Bild_3-Kranzniederlegung-BK_BKStv_11.2.14-400x300.jpg","width":400,"height":300,"mime_type":"image\/jpeg","source_url":"https:\/\/www.freiheitskaempfer.at\/wp-content\/uploads\/2014\/02\/Bild_3-Kranzniederlegung-BK_BKStv_11.2.14-400x300.jpg"},"literatur-thumb":{"file":"Bild_3-Kranzniederlegung-BK_BKStv_11.2.14-350x500.jpg","width":350,"height":500,"mime_type":"image\/jpeg","source_url":"https:\/\/www.freiheitskaempfer.at\/wp-content\/uploads\/2014\/02\/Bild_3-Kranzniederlegung-BK_BKStv_11.2.14-350x500.jpg"},"full":{"file":"Bild_3-Kranzniederlegung-BK_BKStv_11.2.14.jpg","width":2102,"height":1251,"mime_type":"image\/jpeg","source_url":"https:\/\/www.freiheitskaempfer.at\/wp-content\/uploads\/2014\/02\/Bild_3-Kranzniederlegung-BK_BKStv_11.2.14.jpg"}},"image_meta":{"aperture":0,"credit":"Andy Wenzel","camera":"","caption":"Am 11.Februar 2014 legte Bundeskanzler Werner Faymann gemeinsam mit Finanzminister und Vizekanzler Michael Spindelegger und den Vertreterinnen und Vertretern der Opferverb\u00e4nde einen Kranz beim Mahnmal der Stadt Wien, \"Den Opfern f\u00fcr ein freies \u00d6sterreich 1934-1945\", nieder.","created_timestamp":0,"copyright":"","focal_length":0,"iso":0,"shutter_speed":0,"title":"80. Gedenktag des 12. Februar 1934"}},"post":829,"source_url":"https:\/\/www.freiheitskaempfer.at\/wp-content\/uploads\/2014\/02\/Bild_3-Kranzniederlegung-BK_BKStv_11.2.14.jpg","_links":{"self":[{"href":"https:\/\/www.freiheitskaempfer.at\/index.php?rest_route=\/wp\/v2\/media\/832","targetHints":{"allow":["GET"]}}],"collection":[{"href":"https:\/\/www.freiheitskaempfer.at\/index.php?rest_route=\/wp\/v2\/media"}],"about":[{"href":"https:\/\/www.freiheitskaempfer.at\/index.php?rest_route=\/wp\/v2\/types\/attachment"}],"author":[{"embeddable":true,"href":"https:\/\/www.freiheitskaempfer.at\/index.php?rest_route=\/wp\/v2\/users\/2"}],"replies":[{"embeddable":true,"href":"https:\/\/www.freiheitskaempfer.at\/index.php?rest_route=%2Fwp%2Fv2%2Fcomments&post=832"}],"wp:attached-to":[{"embeddable":true,"post_type":"page","id":829,"href":"https:\/\/www.freiheitskaempfer.at\/index.php?rest_route=\/wp\/v2\/pages\/829"}],"curies":[{"name":"wp","href":"https:\/\/api.w.org\/{rel}","templated":true}]}}

<p class="attachment"><a href='https://www.freiheitskaempfer.at/wp-content/uploads/2014/02/Bild_3-Kranzniederlegung-BK_BKStv_11.2.14.jpg'><img loading="lazy" decoding="async" width="300" height="178" src="https://www.freiheitskaempfer.at/wp-content/uploads/2014/02/Bild_3-Kranzniederlegung-BK_BKStv_11.2.14-300x178.jpg" class="attachment-medium size-medium" alt="" srcset="https://www.freiheitskaempfer.at/wp-content/uploads/2014/02/Bild_3-Kranzniederlegung-BK_BKStv_11.2.14-300x178.jpg 300w, https://www.freiheitskaempfer.at/wp-content/uploads/2014/02/Bild_3-Kranzniederlegung-BK_BKStv_11.2.14-1024x609.jpg 1024w" sizes="auto, (max-width: 300px) 100vw, 300px" /></a></p>
<p>Am 11.Februar 2014 legte Bundeskanzler Werner Faymann gemeinsam mit Finanzminister und Vizekanzler Michael Spindelegger und den Vertreterinnen und Vertretern der Opferverbände einen Kranz beim Mahnmal der Stadt Wien, &#8222;Den Opfern für ein freies Österreich 1934-1945&#8220;, nieder.</p>

<p>Mitte: Bundeskanzler Werner Faymann und Käthe Sasso. Bildquelle: BKA</p>

Am 11.Februar 2014 legte Bundeskanzler Werner Faymann gemeinsam mit Finanzminister und Vizekanzler Michael Spindelegger und den Vertreterinnen und Vertretern der Opferverbände einen Kranz beim Mahnmal der Stadt Wien, "Den Opfern für ein freies Österreich 1934-1945", nieder.
